 w.
2, 3, 13
Suppose -426055 + 3715159 = 91*f. List the prime factors of f.
2, 3, 251
Let x(i) = i**2 + 6*i + 4. Suppose 5*o - 20 = 5*n, n + 0*o = -o + 6. Let a(c) = -1. Let p(z) = n*x(z) + 2*a(z). What are the prime factors of p(-10)?
2, 3, 7
Let t(z) = z**2 + 6*z + 7. Let x be t(-6). Let g(v) = 3*v + 0*v - 6*v**2 + 5 + 42*v**3 - 41*v**3. What are the prime factors of g(x)?
3, 5
Let q(o) = 469*o**2 - 50*o - 105. List the prime factors of q(-2).
1871
Suppose 11*o - 6*o = 10*o - 154870. What are the prime factors of o?
2, 17, 911
Let n = -116 - -50. Let t be ((-4)/(-1))/(n/14 + 5). Suppose 0 = -t*r + 11*r + 552. What are the prime factors of r?
2, 23
Suppose -84*u + 1471049 + 1063567 = 0. What are the prime factors of u?
2, 3, 47, 107
Let k be -13 + (3 - (0 + -4)). What are the prime factors of 2*((-1366)/k - 10/15)?
2, 227
Let r = -466 - -468. What are the prime factors of (1575/5)/(r - 1)?
3, 5, 7
Let c(z) = -14*z - 62. Let o be c(7). Let p = o - -215. What are the prime factors of p?
5, 11
Let m(v) = 99*v**2 - 444*v - 33. What are the prime factors of m(17)?
2, 3, 5, 701
Suppose 91289 = 14*l - 24618 + 155. List the prime factors of l.
2, 3, 13, 53
Let d(t) = 213*t**2 - t - 8. Let r be d(-2). List the prime factors of -6 + r + 5 + -7.
2, 419
Let j(d) = 8100*d**2 + 1131*d + 1131. What are the prime factors of j(-1)?
2, 3, 5
Let f(c) = 8*c**2 - 2080. What are the prime factors of f(-49)?
2, 2141
Let f(z) be the first derivative of z**3/3 - 25*z**2/2 - 178*z + 121. What are the prime factors of f(31)?
2
Let s(x) = 5*x**2 + 40*x - 6. Let k be s(-9). Suppose -5*p + k = -2376. List the prime factors of p.
3, 7, 23
Suppose -76*r + 11183484 = 128*r. What are the prime factors of r?
13, 4217
Let g(m) be the third derivative of 73*m**5/60 + m**4/24 - 5*m**2 - 6*m. List the prime factors of g(1).
2, 37
Suppose 3 = -3*w, 3542 - 13220 = -t - 4*w. What are the prime factors of (-45)/(-270) - t/(-12)?
3, 269
List the prime factors of 9/(-3) + -7743*(-6 - -4).
3, 13, 397
Let t = -29 - -29. Suppose -4*w + 4 + 20 = t. What are the prime factors of (-7 + w)*-67 - 3*1?
2
Let n = 130 - 125. List the prime factors of n/20 - 1*(-142)/8.
2, 3
Let b(y) = 3*y**3 + 9*y**2 - 5*y - 7. Let f be b(-4). List the prime factors of 131 + f/(-5) - 1.
137
Suppose 8*z - 3*z - 4140 = 0. Let m = z - 450. What are the prime factors of m?
2, 3, 7
Let g(q) = 3*q + 59 + 2*q - 8*q + 0*q. Let r be g(17). Suppose r*n - 345 = 5*n. List the prime factors of n.
5, 23
Let p(u) = u**3 - 27 - 16*u + 4 + 13*u**2 - 3. Let o be p(-14). Suppose -c - 3*c = 4*v - 752, -c = -o. List the prime factors of v.
2, 3, 31
Let d(f) = 170*f**3 + 2*f**2 + 2*f - 3. Let k be d(1). Let h = k + -116. List the prime factors of h.
5, 11
Let t = -3940 - -12563. List the prime factors of t.
8623
Let t be (1 - 273)/8 - -5. Let d(q) = -3*q + 176. List the prime factors of d(t).
263
Let d(o) = -37*o**3 - 29*o**2 - 163*o - 192. What are the prime factors of d(-10)?
2, 3, 5923
Let h(a) = 4*a**3 + 3*a**2 - 4*a - 4. Let y(i) be the second derivative of -i**4/12 + 3*i**3/2 + 3*i**2/2 - 11*i. Let b be y(9). List the prime factors of h(b).
7, 17
Suppose d + 0*a - 16 = -4*a, 4*d + 2*a = 8. Suppose -5*w - 4*k = 0, 2*w - 13 = 5*w + 5*k. Suppose d = -3*s + 158 + w. List the prime factors of s.
2, 3
Suppose -4*s - 11 = -6*z + z, 4*z - 3*s = 9. Suppose 3150 = z*u + 837. What are the prime factors of u?
3, 257
Let r(i) = i**2 + 16*i + 39. Let q be r(-13). Suppose q = -15*l + 12*l + 2415. List the prime factors of l.
5, 7, 23
Suppose -51 = -13*u + 66. Let a = -68 + 323. Suppose u*r - 12*r = -a. What are the prime factors of r?
5, 17
Suppose 402*n - 4 = 403*n. Let d(p) = 8 - 2 + 5 - 2*p - 3*p. What are the prime factors of d(n)?
31
Suppose -11377 = -4*z - 3*l, -2*z - 4*l + 2181 = -3495. Suppose -z = -4*x - s, -4*x + 3*x = -4*s - 729. List the prime factors of x.
23, 31
Let h = -8572 - -27720. List the prime factors of h.
2, 4787
List the prime factors of 3682/3*2214/36 + 5/1.
2, 3, 23, 547
Let a(v) = 134*v**2 + 16*v + 41. Let j be a(-3). Suppose j + 849 = 2*i. What are the prime factors of i?
2
Let t be 3 - -1*(-4)/(-4). Suppose 3*h + 3 = -p + 6, 2*p = t*h + 16. List the prime factors of (19*p)/((-22)/(-11)).
3, 19
Suppose 0 = 2*w + 2490 - 23526. List the prime factors of w.
2, 3, 1753
Let t(p) = -14*p**3 - 335*p**2 + 45*p - 24. What are the prime factors of t(-29)?
2, 29191
Let u(z) = -21*z - 52. Let g be u(-7). Let p be -1*2*24/(-16). Suppose -g = -p*q + 13. What are the prime factors of q?
2, 3
Suppose 1308 = -7*l - 1359. Let y = -26 - l. What are the prime factors of y?
5, 71
Let a be 2 + 32/(-14) + 2717/77. Suppose -j + f - 6*f = -a, 0 = 2*j - 5*f - 70. What are the prime factors of j?
5, 7
Suppose -f = 4*r + 18, -r + 3*f = r + 2. Let z(c) be the second derivative of -c**5/20 + 5*c**3/6 + 4*c. What are the prime factors of z(r)?
2, 11
Suppose -3*l - 17 = -299. Let x = -91 + l. Suppose -3*z = -o - x*o + 722, -2*z - 899 = -5*o. What are the prime factors of o?
179
Let q(d) = -d**3 - 18*d**2 + 4. Let x be q(-18). Let w be (4/x)/((-2)/(-26)). List the prime factors of (-75)/(-9 + 4)*w.
3, 5, 13
Let d be -6 + (-82)/(-12) + (-274)/12. What are the prime factors of (-1)/2 - 13893/d?
631
Suppose 33*m = 8*m + 683092 - 243317. What are the prime factors of m?
7, 359
Let q(m) = -2*m**3 + 14*m**2 - 8*m + 8. Let t be q(6). Suppose 0 = 35*s - t*s - 9. Suppose s*d + 6*d = 945. List the prime factors of d.
3, 5, 7
Let r = 77 + -73. What are the prime factors of (-100290)/(-285) + r/38 + 4?
2, 89
Let x(l) = -l + 43. Let a be x(-19). Suppose -2*v - 46 = -a. List the prime factors of 962/v + -5 + 95/20.
2, 3, 5
Let m = -402 - -857. Suppose 49*a - 44*a - m = 0. What are the prime factors of a?
7, 13
Let y be (-3)/((-17)/7 + 2). Suppose y*c - 708 = -190. Suppose c = -s + 193. What are the prime factors of s?
7, 17
Let k(q) = 1046*q**3 - 5*q**2 + 10*q - 5. List the prime factors of k(2).
8363
Let j be -7 + 18/((-15)/5). Let w(h) = -24*h + 29. List the prime factors of w(j).
11, 31
Suppose 5*s + n - 718 = 0, 0*s + s - 5*n - 128 = 0. Let m = s + -67. Let z = 94 - m. What are the prime factors of z?
2, 3
Let s = -12 - -16. Let p(x) = x**2 + 35*x - 74. Let a be p(-37). Suppose 0*k - 77 = -s*g - k, a = 5*g - 2*k - 106. List the prime factors of g.
2, 5
Let r be (-720)/(-2) + 3/(-2 - -1). Suppose 3*a = -s + 87 - 10, 5*s + a = r. Suppose -89 = -2*v + s. What are the prime factors of v?
2, 5
Suppose 2*a + u - 11348 = 0, -10072 = -3*a - 5*u + 6971. List the prime factors of a.
53, 107
Suppose -w + 5643 = -5*v, 0 = 3*w + 12*v - 17*v - 16889. What are the prime factors of w?
5623
What are the prime factors of (2814/(-35))/((-9)/150) - -7?
3, 449
Let u = -16140 - -16127. Let x = -2 - 1. What are the prime factors of (x - u)/((-2)/(-19))?
5, 19
List the prime factors of (22/4 - 4)/((-32)/(-140224)).
3, 7, 313
Let j = 7378 - 4862. Suppose -10090 = -7*r - j. List the prime factors of r.
2, 541
Let n = 12 + -12. Suppose 3*a - 6341 = 4*p, 5*a - 3*p - 4458 - 6114 = n. Suppose 10*j + 525 - a = 0. What are the prime factors of j?
3, 53
Let c(w) be the first derivative of -w**4/2 + w**3/3 - 3*w**2/2 + 436*w + 36. List the prime factors of c(0).
2, 109
Let s(k) = -7*k**3 - 2*k**2 + 16*k + 33. Suppose 2*g - 3 = 3*g. List the prime factors of s(g).
2, 3, 13
Let c(i) = -13*i**2 - i - 1. Let d be c(-5). Suppose 0 = -o - 5*m - 196, -7 = -2*o + 4*m - 357. Let j = o - d. What are the prime factors of j?
2, 5, 7
Let t(k) = 47 + 2*k - 4*k - 16 - 4. What are the prime factors of t(-5)?
37
Let t(h) = 62*h**3 + 2*h**2 - 4*h. Let y be t(-2). Let f = y - -680. What are the prime factors of f?
2, 5
Let h be ((-15)/(-9))/((-8)/12 + 1). Suppose 601 = -h*q + 3246. What are the prime factors of q?
23
Suppose 2*d - 814 = -q, 5*d = 2*q + 1904 + 140. Let m = -129 - 31. Let f = d + m. List the prime factors of f.
2, 31
Let n be 168/32*(-232)/(-3). Let t = -9 + n. What are the prime factors of t?
397
Let y(v) = 81*v - 68. What are the prime factors of y(31)?
7, 349
Let s = 29308 - 16795. List the prime factors of s.
3, 43, 97
Suppose -3*u - 5*k = -50756, u - 78*k - 16926 = -76*k. List the prime factors of u.
2, 8461
Suppose 3*x - 10518 = 2*n + 53481, 2*n - 12 = 0. What are the prime factors of 